actor of 3 and 4155?
3
What is the greatest common factor of 22842 and 186?
6
Calculate the highest common divisor of 530928 and 432.
432
Calculate the greatest common factor of 2774037 and 21.
21
What is the greatest common divisor of 1497 and 5245488?
1497
Calculate the highest common divisor of 37642 and 957.
319
Calculate the greatest common divisor of 249925 and 2925.
325
What is the greatest common factor of 17 and 7039?
1
Calculate the greatest common factor of 7275 and 43050.
75
Calculate the greatest common divisor of 7654320 and 1440.
720
Calculate the greatest common factor of 32045 and 16675.
145
What is the greatest common divisor of 14833 and 4823?
91
Calculate the highest common factor of 645 and 8385.
645
What is the greatest common factor of 918800 and 1200?
400
What is the highest common divisor of 15488 and 1472?
64
Calculate the highest common divisor of 354 and 23482.
118
Calculate the highest common factor of 111644 and 114.
38
What is the greatest common factor of 84 and 82964?
28
What is the greatest common divisor of 8 and 1387316?
4
What is the greatest common divisor of 602 and 22016?
86
Calculate the greatest common divisor of 1617 and 29238.
33
Calculate the highest common divisor of 162 and 2262006.
162
Calculate the greatest common divisor of 2268 and 24246.
54
What is the highest common factor of 1355337 and 1845?
369
What is the highest common divisor of 2790507 and 3231?
1077
Calculate the highest common divisor of 6232 and 38912.
152
Calculate the greatest common factor of 281123 and 73.
73
What is the highest common divisor of 9774 and 204?
6
What is the greatest common factor of 1819746 and 956?
478
What is the highest common divisor of 42540 and 645?
15
What is the greatest common factor of 201510 and 2070?
90
Calculate the greatest common divisor of 8640 and 221120.
320
Calculate the greatest common divisor of 2 and 11117.
1
What is the highest common factor of 167957 and 212?
53
Calculate the highest common factor of 1100757 and 69.
69
Calculate the highest common divisor of 3705688 and 112.
56
Calculate the highest common divisor of 77616 and 54.
18
Calculate the highest common factor of 135 and 23355.
135
Calculate the greatest common factor of 295 and 973264.
59
What is the greatest common factor of 11 and 134651?
11
What is the highest common divisor of 257202 and 72?
18
What is the highest common divisor of 85380 and 960?
60
Calculate the highest common factor of 294 and 98346.
6
What is the highest common factor of 609 and 2793?
21
What is the highest common divisor of 401 and 66967?
401
What is the highest common divisor of 3283 and 11564?
49
What is the highest common factor of 1460 and 35?
5
Calculate the highest common divisor of 715 and 516230.
715
What is the greatest common factor of 3735 and 225345?
1245
What is the greatest common factor of 11 and 31968?
1
What is the highest common divisor of 1154 and 67?
1
What is the greatest common factor of 87 and 743009?
29
What is the highest common divisor of 6 and 24832?
2
What is the highest common factor of 123352 and 68?
68
Calculate the highest common factor of 75 and 632175.
75
Calculate the greatest common divisor of 70 and 268.
2
What is the highest common factor of 336 and 260792?
56
Calculate the greatest common divisor of 11 and 1650583.
11
Calculate the greatest common factor of 187310 and 50.
10
What is the greatest common divisor of 364 and 3836?
28
What is the greatest common factor of 38 and 14117?
19
Calculate the highest common divisor of 126 and 6750.
18
What is the highest common divisor of 44184 and 252?
84
Calculate the highest common divisor of 20 and 832400.
20
What is the greatest common factor of 8660 and 1232318?
866
What is the highest common factor of 567 and 1169154?
567
Calculate the greatest common factor of 7220 and 120.
20
Calculate the greatest common factor of 8930 and 40.
10
What is the greatest common divisor of 1482528 and 480?
96
Calculate the highest common divisor of 465 and 1695.
15
What is the greatest common factor of 51 and 2584?
17
What is the greatest common factor of 205 and 1871199?
41
What is the highest common divisor of 11 and 231143?
11
Calculate the highest common divisor of 6300 and 6150.
150
What is the highest common factor of 381 and 354?
3
What is the highest common divisor of 726 and 5126?
22
Calculate the highest common divisor of 231452 and 78.
26
Calculate the highest common divisor of 170 and 70975.
85
Calculate the highest common divisor of 288417 and 381.
381
What is the highest common divisor of 6345 and 355?
5
Calculate the greatest common factor of 131 and 109.
1
What is the highest common divisor of 1134 and 65412?
18
Calculate the highest common factor of 5828 and 6014.
62
What is the greatest common divisor of 651840 and 15132?
1164
What is the greatest common divisor of 500497 and 499?
499
What is the greatest common factor of 300 and 10668?
12
Calculate the greatest common divisor of 49 and 701.
1
What is the greatest common factor of 48939 and 363?
33
Calculate the greatest common factor of 1834 and 40741.
131
What is the highest common divisor of 633360 and 14?
14
Calculate the greatest common factor of 13912 and 940.
188
What is the greatest common factor of 28567 and 477?
53
Calculate the greatest common divisor of 502799 and 473.
473
What is the greatest common divisor of 1200 and 119200?
400
What is the highest common factor of 429 and 503646?
429
Calculate the highest common factor of 14552 and 5778.
214
Calculate the highest common divisor of 48 and 32.
16
Calculate the greatest common divisor of 54 and 39384.
18
Calculate the highest common divisor of 541 and 304583.
541
Calculate the greatest common factor of 17 and 8602.
17
What is the greatest common factor of 672 and 1507296?
672
What is the highest common divisor of 435 and 35090?
145
What is the greatest common divisor of 435 and 4263?
87
What is the greatest common factor of 460320 and 548?
548
Calculate the highest common factor of 75 and 14275.
25
What is the greatest common divisor of 20536 and 1510?
302
What is the highest common factor of 1416 and 1864?
8
Calculate the highest common divisor of 861 and 3813.
123
Calculate the greatest common divisor of 45686 and 742.
106
Calculate the highest common divisor of 67848 and 2904.
264
What is the highest common factor of 7752 and 2754?
102
Calculate the greatest common divisor of 35832 and 24.
24
Calculate the greatest common factor of 876 and 183522.
438
What is the highest common divisor of 240982 and 98?
98
Calculate the greatest common factor of 3324 and 1884.
12
Calculate the greatest common factor of 362609 and 13.
13
Calculate the greatest common divisor of 500 and 432000.
500
Calculate the highest common divisor of 17577 and 14.
7
What is the highest common factor of 29520 and 213405?
615
Calculate the greatest common divisor of 11044 and 121.
11
What is the greatest common factor of 551 and 90915?
551
Calculate the highest common factor of 25047 and 5451.
69
What is the greatest common factor of 205 and 9922?
41
What is the highest common divisor of 788 and 4925?
197
What is the greatest common factor of 104785 and 475?
95
Calculate the highest common divisor of 1236 and 804.
12
Calculate the greatest common factor of 234088 and 232.
232
Calculate the highest common factor of 331525 and 4005.
445
What is the greatest common divisor of 4171 and 255498?
97
Calculate the highest common factor of 119 and 2969645.
119
What is the greatest common factor of 14050869 and 21?
21
What is the greatest common divisor of 3450 and 70?
10
What is the highest common factor of 271926 and 54?
18
Calculate the greatest common divisor of 2077 and 4489.
67
Calculate the highest common divisor of 7224 and 5208.
168
Calculate the highest common factor of 66008 and 1332.
148
What is the greatest common divisor of 377 and 38831?
377
Calculate the greatest common divisor of 69160 and 920.
40
Calculate the highest common factor of 1133 and 803.
11
Calculate the greatest common divisor of 1566572 and 4.
4
What is the greatest common factor of 77550 and 330?
330
What is the highest common factor of 2816 and 915904?
704
Calculate the highest common divisor of 4732 and 58240.